{"id":10898,"date":"2020-08-10T17:52:43","date_gmt":"2020-08-10T17:52:43","guid":{"rendered":"https:\/\/demo.goodlayers.com\/yoku\/demo1\/?page_id=10898"},"modified":"2026-02-03T15:26:06","modified_gmt":"2026-02-03T14:26:06","slug":"faq","status":"publish","type":"page","link":"https:\/\/www.slovakroastingmasters.sk\/?page_id=10898","title":{"rendered":"FAQ"},"content":{"rendered":"\n<p class=\"has-medium-font-size\"><em>Ot\u00e1zky a odpovede<\/em><\/p>\n\n\n\n<div style=\"height:15px\" aria-hidden=\"true\" class=\"wp-block-spacer\"><\/div>\n\n\n\n<div class=\"schema-faq wp-block-yoast-faq-block\"><div class=\"schema-faq-section\" id=\"faq-question-1706701051141\"><strong class=\"schema-faq-question\">M\u00f4\u017eem sa do s\u00fa\u0165a\u017ee prihl\u00e1si\u0165 aj ako amat\u00e9rsky pra\u017eiar?<\/strong> <p class=\"schema-faq-answer\">\u00c1no, m\u00f4\u017ee\u0161.<\/p> <\/div> <div class=\"schema-faq-section\" id=\"faq-question-1706701121197\"><strong class=\"schema-faq-question\">Mus\u00edm pra\u017ei\u0165 s\u00fa\u0165a\u017en\u00fa k\u00e1vu iba na svojej pra\u017ei\u010dke?<\/strong> <p class=\"schema-faq-answer\">Nie, nemus\u00ed\u0161.<\/p> <\/div> <div class=\"schema-faq-section\" id=\"faq-question-1706701143434\"><strong class=\"schema-faq-question\">Ko\u013eko s\u00fa\u0165a\u017eiacich sa m\u00f4\u017ee s\u00fa\u0165a\u017ee z\u00fa\u010dastni\u0165?<\/strong> <p class=\"schema-faq-answer\">Maxim\u00e1lne 13 s\u00fa\u0165a\u017eiacich. Minim\u00e1lne 5.<\/p> <\/div> <div class=\"schema-faq-section\" id=\"faq-question-1706701187133\"><strong class=\"schema-faq-question\">K\u00e1vu na pra\u017eenie dostanem zadarmo?<\/strong> <p class=\"schema-faq-answer\">\u00c1no. Maxim\u00e1lne 5kg.<\/p> <\/div> <div class=\"schema-faq-section\" id=\"faq-question-1706701179664\"><strong class=\"schema-faq-question\">Ak potrebujem k\u00e1vy viacej, m\u00f4\u017eem si ju doobjedna\u0165?<\/strong> <p class=\"schema-faq-answer\">Nie.<\/p> <\/div> <div class=\"schema-faq-section\" id=\"faq-question-1706701301722\"><strong class=\"schema-faq-question\">Na samotnej s\u00fa\u0165a\u017ei, ktor\u00e1 sa kon\u00e1 prv\u00fd de\u0148 festivalu K\u00e1va \u010caj \u010cokol\u00e1da, mus\u00edm by\u0165 pr\u00edtomn\u00fd?<\/strong> <p class=\"schema-faq-answer\">Nie nemus\u00ed\u0161. Ale ve\u013emi to odpor\u00fa\u010dame. Po samotnej s\u00fa\u0165a\u017ei bude f\u00f3rum, kde si m\u00f4\u017ee\u0161 pokeca\u0165 s ostatn\u00fdmi pra\u017eiarmi, pr\u00edp. s porotcami.<\/p> <\/div> <div class=\"schema-faq-section\" id=\"faq-question-1706703670079\"><strong class=\"schema-faq-question\">Mus\u00edm by\u0165 aj na festivale ako vystavovate\u013e?<\/strong> <p class=\"schema-faq-answer\">Nie. Nie je to podmienka.<\/p> <\/div> <div class=\"schema-faq-section\" id=\"faq-question-1706701290848\"><strong class=\"schema-faq-question\">Kedy bude vyhodnotenie s\u00fa\u0165a\u017ee?<\/strong> <p class=\"schema-faq-answer\">Vyhodnotenie s\u00fa\u0165a\u017ee bude v piatok 13. marca 2026, priamo na Festivale K\u00e1va \u010caj \u010cokol\u00e1da, popoludn\u00ed.<\/p> <\/div> <\/div>\n","protected":false},"excerpt":{"rendered":"<p>Ot\u00e1zky a odpovede<\/p>\n","protected":false},"author":1,"featured_media":0,"parent":0,"menu_order":0,"comment_status":"closed","ping_status":"closed","template":"","meta":{"_monsterinsights_skip_tracking":false,"_monsterinsights_sitenote_active":false,"_monsterinsights_sitenote_note":"","_monsterinsights_sitenote_category":0,"footnotes":""},"yoast_head":"<!-- This site is optimized with the Yoast SEO plugin v21.8.1 - https:\/\/yoast.com\/wordpress\/plugins\/seo\/ -->\n<title>FAQ - Slovak Roasting Masters<\/title>\n<meta name=\"robots\" content=\"index, follow, max-snippet:-1, max-image-preview:large, max-video-preview:-1\" \/>\n<link rel=\"canonical\" href=\"https:\/\/www.slovakroastingmasters.sk\/?page_id=10898\" \/>\n<meta property=\"og:locale\" content=\"sk_SK\" \/>\n<meta property=\"og:type\" content=\"article\" \/>\n<meta property=\"og:title\" content=\"FAQ - Slovak Roasting Masters\" \/>\n<meta property=\"og:description\" content=\"Ot\u00e1zky a odpovede\" \/>\n<meta property=\"og:url\" content=\"https:\/\/www.slovakroastingmasters.sk\/?page_id=10898\" \/>\n<meta property=\"og:site_name\" content=\"Slovak Roasting Masters\" \/>\n<meta property=\"article:publisher\" content=\"https:\/\/www.facebook.com\/KavaCajCokolada\" \/>\n<meta property=\"article:modified_time\" content=\"2026-02-03T14:26:06+00:00\" \/>\n<meta name=\"twitter:card\" content=\"summary_large_image\" \/>\n<meta name=\"twitter:label1\" content=\"Predpokladan\u00fd \u010das \u010d\u00edtania\" \/>\n\t<meta name=\"twitter:data1\" content=\"1 min\u00fata\" \/>\n<script type=\"application\/ld+json\" class=\"yoast-schema-graph\">{\"@context\":\"https:\/\/schema.org\",\"@graph\":[{\"@type\":[\"WebPage\",\"FAQPage\"],\"@id\":\"https:\/\/www.slovakroastingmasters.sk\/?page_id=10898\",\"url\":\"https:\/\/www.slovakroastingmasters.sk\/?page_id=10898\",\"name\":\"FAQ - Slovak Roasting Masters\",\"isPartOf\":{\"@id\":\"https:\/\/www.slovakroastingmasters.sk\/#website\"},\"datePublished\":\"2020-08-10T17:52:43+00:00\",\"dateModified\":\"2026-02-03T14:26:06+00:00\",\"breadcrumb\":{\"@id\":\"https:\/\/www.slovakroastingmasters.sk\/?page_id=10898#breadcrumb\"},\"mainEntity\":[{\"@id\":\"https:\/\/www.slovakroastingmasters.sk\/?page_id=10898#faq-question-1706701051141\"},{\"@id\":\"https:\/\/www.slovakroastingmasters.sk\/?page_id=10898#faq-question-1706701121197\"},{\"@id\":\"https:\/\/www.slovakroastingmasters.sk\/?page_id=10898#faq-question-1706701143434\"},{\"@id\":\"https:\/\/www.slovakroastingmasters.sk\/?page_id=10898#faq-question-1706701187133\"},{\"@id\":\"https:\/\/www.slovakroastingmasters.sk\/?page_id=10898#faq-question-1706701179664\"},{\"@id\":\"https:\/\/www.slovakroastingmasters.sk\/?page_id=10898#faq-question-1706701301722\"},{\"@id\":\"https:\/\/www.slovakroastingmasters.sk\/?page_id=10898#faq-question-1706703670079\"},{\"@id\":\"https:\/\/www.slovakroastingmasters.sk\/?page_id=10898#faq-question-1706701290848\"}],\"inLanguage\":\"sk-SK\",\"potentialAction\":[{\"@type\":\"ReadAction\",\"target\":[\"https:\/\/www.slovakroastingmasters.sk\/?page_id=10898\"]}]},{\"@type\":\"BreadcrumbList\",\"@id\":\"https:\/\/www.slovakroastingmasters.sk\/?page_id=10898#breadcrumb\",\"itemListElement\":[{\"@type\":\"ListItem\",\"position\":1,\"name\":\"Home\",\"item\":\"https:\/\/www.slovakroastingmasters.sk\/\"},{\"@type\":\"ListItem\",\"position\":2,\"name\":\"FAQ\"}]},{\"@type\":\"WebSite\",\"@id\":\"https:\/\/www.slovakroastingmasters.sk\/#website\",\"url\":\"https:\/\/www.slovakroastingmasters.sk\/\",\"name\":\"Slovak Roasting Masters\",\"description\":\"Slovak Roasting Masters - S\u00fa\u0165a\u017e pre profesion\u00e1lnych a amat\u00e9rskych pra\u017eiarov.\",\"publisher\":{\"@id\":\"https:\/\/www.slovakroastingmasters.sk\/#organization\"},\"potentialAction\":[{\"@type\":\"SearchAction\",\"target\":{\"@type\":\"EntryPoint\",\"urlTemplate\":\"https:\/\/www.slovakroastingmasters.sk\/?s={search_term_string}\"},\"query-input\":\"required name=search_term_string\"}],\"inLanguage\":\"sk-SK\"},{\"@type\":\"Organization\",\"@id\":\"https:\/\/www.slovakroastingmasters.sk\/#organization\",\"name\":\"Slovak Roasting Masters\",\"url\":\"https:\/\/www.slovakroastingmasters.sk\/\",\"logo\":{\"@type\":\"ImageObject\",\"inLanguage\":\"sk-SK\",\"@id\":\"https:\/\/www.slovakroastingmasters.sk\/#\/schema\/logo\/image\/\",\"url\":\"https:\/\/www.slovakroastingmasters.sk\/wp-content\/uploads\/2024\/01\/SlovakRoastingMasters_logo_black.png\",\"contentUrl\":\"https:\/\/www.slovakroastingmasters.sk\/wp-content\/uploads\/2024\/01\/SlovakRoastingMasters_logo_black.png\",\"width\":1130,\"height\":1131,\"caption\":\"Slovak Roasting Masters\"},\"image\":{\"@id\":\"https:\/\/www.slovakroastingmasters.sk\/#\/schema\/logo\/image\/\"},\"sameAs\":[\"https:\/\/www.facebook.com\/KavaCajCokolada\"]},{\"@type\":\"Question\",\"@id\":\"https:\/\/www.slovakroastingmasters.sk\/?page_id=10898#faq-question-1706701051141\",\"position\":1,\"url\":\"https:\/\/www.slovakroastingmasters.sk\/?page_id=10898#faq-question-1706701051141\",\"name\":\"M\u00f4\u017eem sa do s\u00fa\u0165a\u017ee prihl\u00e1si\u0165 aj ako amat\u00e9rsky pra\u017eiar?\",\"answerCount\":1,\"acceptedAnswer\":{\"@type\":\"Answer\",\"text\":\"\u00c1no, m\u00f4\u017ee\u0161.\",\"inLanguage\":\"sk-SK\"},\"inLanguage\":\"sk-SK\"},{\"@type\":\"Question\",\"@id\":\"https:\/\/www.slovakroastingmasters.sk\/?page_id=10898#faq-question-1706701121197\",\"position\":2,\"url\":\"https:\/\/www.slovakroastingmasters.sk\/?page_id=10898#faq-question-1706701121197\",\"name\":\"Mus\u00edm pra\u017ei\u0165 s\u00fa\u0165a\u017en\u00fa k\u00e1vu iba na svojej pra\u017ei\u010dke?\",\"answerCount\":1,\"acceptedAnswer\":{\"@type\":\"Answer\",\"text\":\"Nie, nemus\u00ed\u0161.\",\"inLanguage\":\"sk-SK\"},\"inLanguage\":\"sk-SK\"},{\"@type\":\"Question\",\"@id\":\"https:\/\/www.slovakroastingmasters.sk\/?page_id=10898#faq-question-1706701143434\",\"position\":3,\"url\":\"https:\/\/www.slovakroastingmasters.sk\/?page_id=10898#faq-question-1706701143434\",\"name\":\"Ko\u013eko s\u00fa\u0165a\u017eiacich sa m\u00f4\u017ee s\u00fa\u0165a\u017ee z\u00fa\u010dastni\u0165?\",\"answerCount\":1,\"acceptedAnswer\":{\"@type\":\"Answer\",\"text\":\"Maxim\u00e1lne 13 s\u00fa\u0165a\u017eiacich. Minim\u00e1lne 5.\",\"inLanguage\":\"sk-SK\"},\"inLanguage\":\"sk-SK\"},{\"@type\":\"Question\",\"@id\":\"https:\/\/www.slovakroastingmasters.sk\/?page_id=10898#faq-question-1706701187133\",\"position\":4,\"url\":\"https:\/\/www.slovakroastingmasters.sk\/?page_id=10898#faq-question-1706701187133\",\"name\":\"K\u00e1vu na pra\u017eenie dostanem zadarmo?\",\"answerCount\":1,\"acceptedAnswer\":{\"@type\":\"Answer\",\"text\":\"\u00c1no. Maxim\u00e1lne 5kg.\",\"inLanguage\":\"sk-SK\"},\"inLanguage\":\"sk-SK\"},{\"@type\":\"Question\",\"@id\":\"https:\/\/www.slovakroastingmasters.sk\/?page_id=10898#faq-question-1706701179664\",\"position\":5,\"url\":\"https:\/\/www.slovakroastingmasters.sk\/?page_id=10898#faq-question-1706701179664\",\"name\":\"Ak potrebujem k\u00e1vy viacej, m\u00f4\u017eem si ju doobjedna\u0165?\",\"answerCount\":1,\"acceptedAnswer\":{\"@type\":\"Answer\",\"text\":\"Nie.\",\"inLanguage\":\"sk-SK\"},\"inLanguage\":\"sk-SK\"},{\"@type\":\"Question\",\"@id\":\"https:\/\/www.slovakroastingmasters.sk\/?page_id=10898#faq-question-1706701301722\",\"position\":6,\"url\":\"https:\/\/www.slovakroastingmasters.sk\/?page_id=10898#faq-question-1706701301722\",\"name\":\"Na samotnej s\u00fa\u0165a\u017ei, ktor\u00e1 sa kon\u00e1 prv\u00fd de\u0148 festivalu K\u00e1va \u010caj \u010cokol\u00e1da, mus\u00edm by\u0165 pr\u00edtomn\u00fd?\",\"answerCount\":1,\"acceptedAnswer\":{\"@type\":\"Answer\",\"text\":\"Nie nemus\u00ed\u0161. Ale ve\u013emi to odpor\u00fa\u010dame. Po samotnej s\u00fa\u0165a\u017ei bude f\u00f3rum, kde si m\u00f4\u017ee\u0161 pokeca\u0165 s ostatn\u00fdmi pra\u017eiarmi, pr\u00edp. s porotcami.\",\"inLanguage\":\"sk-SK\"},\"inLanguage\":\"sk-SK\"},{\"@type\":\"Question\",\"@id\":\"https:\/\/www.slovakroastingmasters.sk\/?page_id=10898#faq-question-1706703670079\",\"position\":7,\"url\":\"https:\/\/www.slovakroastingmasters.sk\/?page_id=10898#faq-question-1706703670079\",\"name\":\"Mus\u00edm by\u0165 aj na festivale ako vystavovate\u013e?\",\"answerCount\":1,\"acceptedAnswer\":{\"@type\":\"Answer\",\"text\":\"Nie. Nie je to podmienka.\",\"inLanguage\":\"sk-SK\"},\"inLanguage\":\"sk-SK\"},{\"@type\":\"Question\",\"@id\":\"https:\/\/www.slovakroastingmasters.sk\/?page_id=10898#faq-question-1706701290848\",\"position\":8,\"url\":\"https:\/\/www.slovakroastingmasters.sk\/?page_id=10898#faq-question-1706701290848\",\"name\":\"Kedy bude vyhodnotenie s\u00fa\u0165a\u017ee?\",\"answerCount\":1,\"acceptedAnswer\":{\"@type\":\"Answer\",\"text\":\"Vyhodnotenie s\u00fa\u0165a\u017ee bude v piatok 13. marca 2026, priamo na Festivale K\u00e1va \u010caj \u010cokol\u00e1da, popoludn\u00ed.\",\"inLanguage\":\"sk-SK\"},\"inLanguage\":\"sk-SK\"}]}<\/script>\n<!-- \/ Yoast SEO plugin. -->","yoast_head_json":{"title":"FAQ - Slovak Roasting Masters","robots":{"index":"index","follow":"follow","max-snippet":"max-snippet:-1","max-image-preview":"max-image-preview:large","max-video-preview":"max-video-preview:-1"},"canonical":"https:\/\/www.slovakroastingmasters.sk\/?page_id=10898","og_locale":"sk_SK","og_type":"article","og_title":"FAQ - Slovak Roasting Masters","og_description":"Ot\u00e1zky a odpovede","og_url":"https:\/\/www.slovakroastingmasters.sk\/?page_id=10898","og_site_name":"Slovak Roasting Masters","article_publisher":"https:\/\/www.facebook.com\/KavaCajCokolada","article_modified_time":"2026-02-03T14:26:06+00:00","twitter_card":"summary_large_image","twitter_misc":{"Predpokladan\u00fd \u010das \u010d\u00edtania":"1 min\u00fata"},"schema":{"@context":"https:\/\/schema.org","@graph":[{"@type":["WebPage","FAQPage"],"@id":"https:\/\/www.slovakroastingmasters.sk\/?page_id=10898","url":"https:\/\/www.slovakroastingmasters.sk\/?page_id=10898","name":"FAQ - Slovak Roasting Masters","isPartOf":{"@id":"https:\/\/www.slovakroastingmasters.sk\/#website"},"datePublished":"2020-08-10T17:52:43+00:00","dateModified":"2026-02-03T14:26:06+00:00","breadcrumb":{"@id":"https:\/\/www.slovakroastingmasters.sk\/?page_id=10898#breadcrumb"},"mainEntity":[{"@id":"https:\/\/www.slovakroastingmasters.sk\/?page_id=10898#faq-question-1706701051141"},{"@id":"https:\/\/www.slovakroastingmasters.sk\/?page_id=10898#faq-question-1706701121197"},{"@id":"https:\/\/www.slovakroastingmasters.sk\/?page_id=10898#faq-question-1706701143434"},{"@id":"https:\/\/www.slovakroastingmasters.sk\/?page_id=10898#faq-question-1706701187133"},{"@id":"https:\/\/www.slovakroastingmasters.sk\/?page_id=10898#faq-question-1706701179664"},{"@id":"https:\/\/www.slovakroastingmasters.sk\/?page_id=10898#faq-question-1706701301722"},{"@id":"https:\/\/www.slovakroastingmasters.sk\/?page_id=10898#faq-question-1706703670079"},{"@id":"https:\/\/www.slovakroastingmasters.sk\/?page_id=10898#faq-question-1706701290848"}],"inLanguage":"sk-SK","potentialAction":[{"@type":"ReadAction","target":["https:\/\/www.slovakroastingmasters.sk\/?page_id=10898"]}]},{"@type":"BreadcrumbList","@id":"https:\/\/www.slovakroastingmasters.sk\/?page_id=10898#breadcrumb","itemListElement":[{"@type":"ListItem","position":1,"name":"Home","item":"https:\/\/www.slovakroastingmasters.sk\/"},{"@type":"ListItem","position":2,"name":"FAQ"}]},{"@type":"WebSite","@id":"https:\/\/www.slovakroastingmasters.sk\/#website","url":"https:\/\/www.slovakroastingmasters.sk\/","name":"Slovak Roasting Masters","description":"Slovak Roasting Masters - S\u00fa\u0165a\u017e pre profesion\u00e1lnych a amat\u00e9rskych pra\u017eiarov.","publisher":{"@id":"https:\/\/www.slovakroastingmasters.sk\/#organization"},"potentialAction":[{"@type":"SearchAction","target":{"@type":"EntryPoint","urlTemplate":"https:\/\/www.slovakroastingmasters.sk\/?s={search_term_string}"},"query-input":"required name=search_term_string"}],"inLanguage":"sk-SK"},{"@type":"Organization","@id":"https:\/\/www.slovakroastingmasters.sk\/#organization","name":"Slovak Roasting Masters","url":"https:\/\/www.slovakroastingmasters.sk\/","logo":{"@type":"ImageObject","inLanguage":"sk-SK","@id":"https:\/\/www.slovakroastingmasters.sk\/#\/schema\/logo\/image\/","url":"https:\/\/www.slovakroastingmasters.sk\/wp-content\/uploads\/2024\/01\/SlovakRoastingMasters_logo_black.png","contentUrl":"https:\/\/www.slovakroastingmasters.sk\/wp-content\/uploads\/2024\/01\/SlovakRoastingMasters_logo_black.png","width":1130,"height":1131,"caption":"Slovak Roasting Masters"},"image":{"@id":"https:\/\/www.slovakroastingmasters.sk\/#\/schema\/logo\/image\/"},"sameAs":["https:\/\/www.facebook.com\/KavaCajCokolada"]},{"@type":"Question","@id":"https:\/\/www.slovakroastingmasters.sk\/?page_id=10898#faq-question-1706701051141","position":1,"url":"https:\/\/www.slovakroastingmasters.sk\/?page_id=10898#faq-question-1706701051141","name":"M\u00f4\u017eem sa do s\u00fa\u0165a\u017ee prihl\u00e1si\u0165 aj ako amat\u00e9rsky pra\u017eiar?","answerCount":1,"acceptedAnswer":{"@type":"Answer","text":"\u00c1no, m\u00f4\u017ee\u0161.","inLanguage":"sk-SK"},"inLanguage":"sk-SK"},{"@type":"Question","@id":"https:\/\/www.slovakroastingmasters.sk\/?page_id=10898#faq-question-1706701121197","position":2,"url":"https:\/\/www.slovakroastingmasters.sk\/?page_id=10898#faq-question-1706701121197","name":"Mus\u00edm pra\u017ei\u0165 s\u00fa\u0165a\u017en\u00fa k\u00e1vu iba na svojej pra\u017ei\u010dke?","answerCount":1,"acceptedAnswer":{"@type":"Answer","text":"Nie, nemus\u00ed\u0161.","inLanguage":"sk-SK"},"inLanguage":"sk-SK"},{"@type":"Question","@id":"https:\/\/www.slovakroastingmasters.sk\/?page_id=10898#faq-question-1706701143434","position":3,"url":"https:\/\/www.slovakroastingmasters.sk\/?page_id=10898#faq-question-1706701143434","name":"Ko\u013eko s\u00fa\u0165a\u017eiacich sa m\u00f4\u017ee s\u00fa\u0165a\u017ee z\u00fa\u010dastni\u0165?","answerCount":1,"acceptedAnswer":{"@type":"Answer","text":"Maxim\u00e1lne 13 s\u00fa\u0165a\u017eiacich. Minim\u00e1lne 5.","inLanguage":"sk-SK"},"inLanguage":"sk-SK"},{"@type":"Question","@id":"https:\/\/www.slovakroastingmasters.sk\/?page_id=10898#faq-question-1706701187133","position":4,"url":"https:\/\/www.slovakroastingmasters.sk\/?page_id=10898#faq-question-1706701187133","name":"K\u00e1vu na pra\u017eenie dostanem zadarmo?","answerCount":1,"acceptedAnswer":{"@type":"Answer","text":"\u00c1no. Maxim\u00e1lne 5kg.","inLanguage":"sk-SK"},"inLanguage":"sk-SK"},{"@type":"Question","@id":"https:\/\/www.slovakroastingmasters.sk\/?page_id=10898#faq-question-1706701179664","position":5,"url":"https:\/\/www.slovakroastingmasters.sk\/?page_id=10898#faq-question-1706701179664","name":"Ak potrebujem k\u00e1vy viacej, m\u00f4\u017eem si ju doobjedna\u0165?","answerCount":1,"acceptedAnswer":{"@type":"Answer","text":"Nie.","inLanguage":"sk-SK"},"inLanguage":"sk-SK"},{"@type":"Question","@id":"https:\/\/www.slovakroastingmasters.sk\/?page_id=10898#faq-question-1706701301722","position":6,"url":"https:\/\/www.slovakroastingmasters.sk\/?page_id=10898#faq-question-1706701301722","name":"Na samotnej s\u00fa\u0165a\u017ei, ktor\u00e1 sa kon\u00e1 prv\u00fd de\u0148 festivalu K\u00e1va \u010caj \u010cokol\u00e1da, mus\u00edm by\u0165 pr\u00edtomn\u00fd?","answerCount":1,"acceptedAnswer":{"@type":"Answer","text":"Nie nemus\u00ed\u0161. Ale ve\u013emi to odpor\u00fa\u010dame. Po samotnej s\u00fa\u0165a\u017ei bude f\u00f3rum, kde si m\u00f4\u017ee\u0161 pokeca\u0165 s ostatn\u00fdmi pra\u017eiarmi, pr\u00edp. s porotcami.","inLanguage":"sk-SK"},"inLanguage":"sk-SK"},{"@type":"Question","@id":"https:\/\/www.slovakroastingmasters.sk\/?page_id=10898#faq-question-1706703670079","position":7,"url":"https:\/\/www.slovakroastingmasters.sk\/?page_id=10898#faq-question-1706703670079","name":"Mus\u00edm by\u0165 aj na festivale ako vystavovate\u013e?","answerCount":1,"acceptedAnswer":{"@type":"Answer","text":"Nie. Nie je to podmienka.","inLanguage":"sk-SK"},"inLanguage":"sk-SK"},{"@type":"Question","@id":"https:\/\/www.slovakroastingmasters.sk\/?page_id=10898#faq-question-1706701290848","position":8,"url":"https:\/\/www.slovakroastingmasters.sk\/?page_id=10898#faq-question-1706701290848","name":"Kedy bude vyhodnotenie s\u00fa\u0165a\u017ee?","answerCount":1,"acceptedAnswer":{"@type":"Answer","text":"Vyhodnotenie s\u00fa\u0165a\u017ee bude v piatok 13. marca 2026, priamo na Festivale K\u00e1va \u010caj \u010cokol\u00e1da, popoludn\u00ed.","inLanguage":"sk-SK"},"inLanguage":"sk-SK"}]}},"_links":{"self":[{"href":"https:\/\/www.slovakroastingmasters.sk\/index.php?rest_route=\/wp\/v2\/pages\/10898"}],"collection":[{"href":"https:\/\/www.slovakroastingmasters.sk\/index.php?rest_route=\/wp\/v2\/pages"}],"about":[{"href":"https:\/\/www.slovakroastingmasters.sk\/index.php?rest_route=\/wp\/v2\/types\/page"}],"author":[{"embeddable":true,"href":"https:\/\/www.slovakroastingmasters.sk\/index.php?rest_route=\/wp\/v2\/users\/1"}],"replies":[{"embeddable":true,"href":"https:\/\/www.slovakroastingmasters.sk\/index.php?rest_route=%2Fwp%2Fv2%2Fcomments&post=10898"}],"version-history":[{"count":5,"href":"https:\/\/www.slovakroastingmasters.sk\/index.php?rest_route=\/wp\/v2\/pages\/10898\/revisions"}],"predecessor-version":[{"id":13324,"href":"https:\/\/www.slovakroastingmasters.sk\/index.php?rest_route=\/wp\/v2\/pages\/10898\/revisions\/13324"}],"wp:attachment":[{"href":"https:\/\/www.slovakroastingmasters.sk\/index.php?rest_route=%2Fwp%2Fv2%2Fmedia&parent=10898"}],"curies":[{"name":"wp","href":"https:\/\/api.w.org\/{rel}","templated":true}]}}